is y(-1)?
9
Let n(b) = 5*b - 18. Determine n(7).
17
Let w(c) = 2*c**2 - 3*c + 1. What is w(1)?
0
Let o(z) = -z**2 - 5*z + 3. What is o(-6)?
-3
Let b(u) = -5*u + 38. Give b(6).
8
Let x(h) = -h**3 - h**2 + 6*h - 2. Determine x(-3).
-2
Let x(q) = -q**3 - 6*q**2 - 3*q + 5. Calculate x(-5).
-5
Let v(y) = -y**2 - 2*y - 3. What is v(-3)?
-6
Let r(z) = z**2 - 9*z - 12. Calculate r(10).
-2
Let f(b) = 8*b + 16. What is f(8)?
80
Let f(z) = z**3 + 4*z**2 - 44*z + 3. Give f(-9).
-6
Let f(w) = -4*w - 14. Determine f(-6).
10
Let m(h) = h**3 + h**2 + h - 7. Calculate m(0).
-7
Let j(a) = a**3 - 19*a**2 - 45*a + 61. Give j(21).
-2
Let y(x) = 83*x - 1. Calculate y(1).
82
Let r(h) = -h**2 + 12*h - 24. Determine r(10).
-4
Let w(z) = -2*z**3 - 1. Calculate w(1).
-3
Let i(x) = x**2 - 11*x - 1. Give i(8).
-25
Let q(f) = -2*f**2 - 26*f - 17. Determine q(-14).
-45
Let b(j) = -j**2 - 18*j - 69. What is b(-10)?
11
Let a(b) = -2*b + 38. What is a(17)?
4
Let y(k) = k**3 + 8*k**2 + 8*k + 15. Determine y(-7).
8
Let y(t) = t**3 - t**2 + t + 3. Calculate y(0).
3
Let u(o) = -o**3 - 10*o**2 - 10*o - 6. What is u(-9)?
3
Let u(a) = a**2 + 28*a + 77. Give u(-28).
77
Let f(t) = 2*t**2 + 15*t + 37. Give f(-11).
114
Let q(p) = p**2 + 3*p + 5. Calculate q(-2).
3
Let c(k) = -k**2 - 9*k. Determine c(-6).
18
Let b(o) = 13*o**2 + o. What is b(-2)?
50
Let u(y) = -y**2 + 5*y - 7. What is u(7)?
-21
Let b(t) = t**3 - 3*t**2 - 4*t + 8. Give b(4).
8
Let t(g) = g**3 - 2*g**2 + 2*g + 2. What is t(4)?
42
Let h(c) = -c**3 + 13*c**2 + c - 17. Calculate h(13).
-4
Let w(r) = 41*r - 2. Calculate w(-2).
-84
Let p(w) = -w**2 + 29*w - 209. What is p(15)?
1
Let n(s) = -3*s**2 - 8*s. Calculate n(-3).
-3
Let p(a) = -7*a + 141. Calculate p(19).
8
Let z(h) = -h**2 + 15*h + 28. Calculate z(18).
-26
Let b(d) = d**2 - 22*d - 20. Determine b(23).
3
Let g(k) = -2*k**2 + 63*k - 37. Calculate g(31).
-6
Let q(z) = z**2 + 4*z - 12. What is q(-5)?
-7
Let h(m) = -m**2 - 11*m + 9. Determine h(-14).
-33
Let w(c) = -c**3 - 11. What is w(0)?
-11
Let h(f) = -f**3 + 6*f**2 - 6*f + 4. What is h(5)?
-1
Let y(d) = -3*d**2 - d + 5. What is y(-2)?
-5
Let t(o) = 5*o - 6. What is t(3)?
9
Let z(q) = -17*q**3 - 5*q - 4. What is z(-1)?
18
Let c(n) = -3*n**3 - n**2 - 8*n - 12. Determine c(-2).
24
Let j(l) = -5*l**2 - 20*l - 4. Give j(-3).
11
Let y(o) = -o**2 - 24*o - 29. Calculate y(-23).
-6
Let l(y) = -y**2 - 13*y - 12. What is l(-8)?
28
Let n(i) = -i**3 - 3*i**2 + 20*i + 13. Determine n(-6).
1
Let o(c) = -2*c + 9. Calculate o(4).
1
Let k(x) = 5*x - 17. Give k(4).
3
Let a(j) = j**2 + j - 2. Determine a(6).
40
Let q(k) = -3*k**2 + 19*k + 4. Give q(5).
24
Let m(y) = y**3 - 10*y**2 + 3*y + 80. Give m(9).
26
Let g(i) = -21*i - 9. Determine g(-1).
12
Let z(o) = o**3 + 16*o**2 - 1. Determine z(-16).
-1
Let x(p) = -8*p**2 + 14*p + 9. Give x(2).
5
Let n(a) = -a**2 - 6*a - 5. What is n(-5)?
0
Let b(j) = 2*j**2 - 2*j - 3. Give b(2).
1
Let s(v) = -17*v + 1. Determine s(1).
-16
Let y(b) = -b**3 - 2*b**2 - b - 3. Determine y(-2).
-1
Let h(y) = -y**3 - 5*y**2 + 6*y + 5. Determine h(-6).
5
Let m(k) = -k**3 + k**2 - 3*k - 1. Determine m(3).
-28
Let y(r) = -3*r**2 - r - 13. Determine y(0).
-13
Let d(j) = j**2 + 2*j - 74. Give d(-8).
-26
Let c(s) = s + 4. Give c(2).
6
Let l(h) = h**2 - 3*h - 3. Determine l(4).
1
Let l(s) = 4*s**2 + s + 2. What is l(-3)?
35
Let i(b) = 31*b + 1117. Determine i(-36).
1
Let j(a) = 7*a + 105. Calculate j(-8).
49
Let b(j) = j**2 - 5*j - 2. Calculate b(8).
22
Let q(z) = z**2 - 14*z + 15. Determine q(12).
-9
Let j(b) = 6*b - 60. Give j(19).
54
Let m(v) = -3*v**2 + 23*v - 14. Calculate m(7).
0
Let k(i) = -8*i**3 - 6*i**2 - 2*i + 2. What is k(-2)?
46
Let m(h) = -4*h**2 - 2*h + 1. What is m(-1)?
-1
Let k(x) = x**2 - 15*x - 42. Determine k(-5).
58
Let b(n) = 6*n**2 + n - 5. Determine b(3).
52
Let o(y) = -3*y**2 + y + 4. Give o(-2).
-10
Let k(m) = -4*m**2 + 28*m + 6. Determine k(7).
6
Let o(m) = -m**3 + 24*m**2 - 23*m + 19. Give o(23).
19
Let c(q) = 38*q + 336. What is c(-9)?
-6
Let m(s) = -2*s**3 - 3*s**2 - 2*s - 3. Give m(-2).
5
Let a(x) = -25*x**3 - x**2 - x + 1. What is a(1)?
-26
Let s(o) = 2*o**2 + 17*o + 8. Determine s(-8).
0
Let b(i) = -i**3 - 9*i**2 - 15*i - 6. Calculate b(-7).
1
Let q(l) = 12*l - 14. Calculate q(5).
46
Let m(l) = 3*l + 14. Calculate m(-6).
-4
Let n(s) = -s**2 + 3*s + 1. What is n(9)?
-53
Let o(q) = -34*q**2 - 4*q + 3. What is o(1)?
-35
Let d(j) = j**3 + 9*j**2 + 6*j - 6. What is d(-7)?
50
Let p(z) = z**3 - 8*z**2 + 16*z - 15. What is p(6)?
9
Let h(o) = 13*o**2 - 3*o + 5. Calculate h(2).
51
Let r(x) = -x**3 + 5*x**2 + 15*x. Determine r(7).
7
Let c(i) = 3*i**2 - 46*i + 18. Calculate c(15).
3
Let c(q) = q + 13. Calculate c(-12).
1
Let n(d) = d**2 - 29*d - 135. Calculate n(33).
-3
Let t(l) = -2*l**3 + 11*l**2 - 4*l - 12. Determine t(5).
-7
Let q(o) = 4*o**2 - 6*o. Give q(4).
40
Let k(p) = -4*p**2 - p - 3. What is k(-4)?
-63
Let t(d) = -d**2 + 4*d + 7. Calculate t(3).
10
Let b(t) = t**2 + 4*t + 49. What is b(-7)?
70
Let z(a) = 2*a**3 - 19*a**2 + 25*a + 15. Give z(8).
23
Let r(z) = z**2 + 11*z + 1. Determine r(-8).
-23
Let o(a) = -a**3 - a**2 + a - 2. Determine o(-3).
13
Let z(q) = -11*q**2 + 48*q - 13. Give z(4).
3
Let l(c) = -c**2 - 7*c + 27. What is l(-10)?
-3
Let b(c) = c**3 - 8*c**2 + 19*c - 17. Determine b(7).
67
Let m(b) = 8*b**2 + 40*b - 40. Calculate m(1).
8
Let v(p) = p**2 + 2*p. What is v(-4)?
8
Let n(g) = 2*g**3 - 111*g**2 + 57*g - 112. What is n(55)?
-2
Let y(m) = m**3 + 9*m**2 + 11*m + 26. Calculate y(-8).
2
Let v(z) = -2*z**2 + 2*z + 48. Give v(0).
48
Let y(g) = -g**2 - 7*g - 6. Calculate y(-1).
0
Let j(t) = -t**3 + 4*t**2 + 8*t - 18. Determine j(5).
-3
Let u(i) = -i**3 + 12*i**2 - 10*i - 6. Calculate u(11).
5
Let w(h) = -h**2 - 13*h + 272. Calculate w(11).
8
Let h(y) = -y - 3. Give h(-6).
3
Let s(o) = 3*o - 5. Calculate s(0).
-5
Let u(i) = -i**3 + 12*i**2 + 31*i - 40. What is u(14)?
2
Let m(n) = -n**2 - 13*n - 12. Calculate m(-11).
10
Let s(n) = -n**2 + 7*n + 2. Calculate s(8).
-6
Let t(n) = -n**2 + 6*n + 96. Calculate t(0).
96
Let n(q) = -14*q + 3. Calculate n(-1).
17
Let y(j) = -j**2 + 12*j - 19. Determine y(10).
1
Let z(j) = j**3 - 4*j**2 + 5*j + 1. Calculate z(2).
3
Let v(b) = b**2 + 17*b - 45. Calculate v(-19).
-7
Let t(l) = -5*l - 1. Calculate t(1).
-6
Let k(m) = -6*m**2 + 143*m + 8. Give k(24).
-16
Let v(a) = a**3 + 9*a**2 + 5*a + 3. What is v(-7)?
66
Let z(n) = -n**2 + 5*n + 6. What is z(6)?
0
Let m(g) = g**2 - 15*g - 58. What is m(17)?
-24
Let z(g) = g**3 - 15*g**2 + 29. Determine z(15).
29
Let z(g) = g**3 - 16*g**2 + 48*g + 1. Calculate z(12).
1
Let j(l) = 9*l - 7. What is j(7)?
56
Let n(b) = b + 5. Determine n(-12).
-7
Let q(v) = -9*v - 77. What is q(-9)?
4
Let s(r) = -69*r**2 - r - 1. Determine s(-1).
-69
Let h(w) = w**3 + 4*w**2 + w + 3. What is h(-5)?
-27
Let p(o) = -o**2 - 33*o - 88. What is p(-30)?
2
Let g(l) = -32*l**3 - 2*l - 3. Calculate g(-1).
31
Let i(k) = -k**3 + 6*k**2 + 4*k + 2. Calculate i(7).
-19
Let l(u) = -5*u**2 + 2. Give l(-2).
-18
Let l(t) = t**2 + 21*t + 34. What is l(-2)?
-4
Let h(r) = r**2 + r - 2. What is h(-3)?
4
Let a(i) = -4*i - 11. Give a(-2).
-3
Let r(k) = k**2 - 21*k - 9. Calculate r(22).
13
Let q(t) = -2*t**3 - 4*t**2 - t + 2. Determine q(-2).
4
Let b(u) = -6*u - 8. Determine b(0).
-8
Let a(n) = -2*n - 20. What is a(-9)?
-2
Let t(k) = k + 49. What is t(19)?
68
Let l(a) = -a**3 - 3*a**2 + 2. What is l(-1)?
0
Let z(v) = v**3 - v + 63. Give z(0).
63
Let s(a) = 21*a**3 + a**2 - 2*a + 1. Calculate s(1).
21
Let m(h) = h + 9. What is m(-24)?
-15
Let h(n) = n - 14. Determine h(4).
-10
Let i(d) = 4*d**2 - 133*d + 32. Determine i(33).
-1
Let h(n) = n**2 + 5*n + 6. What is h(-3)?
0
Let y(m) = m**3 + 12*m**2 + 6*m + 18. Calculate y(-12).
-54
Let v(j) = 3*j - 8. What is v(-11)?
-41
Let h(x) = -x - 7. Determine h(11).
-18
Let g(z) = z - 11. What is g(-4)?
-15
Let q(k) = -46*k + 328. Calculate q(7).
6
Let b(d) = -3*d**3 + 2*d**2 - d - 1. Calculate b(2).
-19
Let d(m) = m**3 + 2*m**2 - m + 6. Determine d(-3).
0
Let u(r) = -r - 21. What is u(-16)?
-5
Let k(a) = 10*a**2 - a + 1. Calculate k(1).
10
Let c(q) = -18*q + 17. Determine c(1).
-1
Let p(h) = -h**2 + 3. Give p(7).
-46
Let j(h) = 12*h + 177. Calculate j(-17).
-27
Let y(j) = -j**3 - 5*j**2 - 26*j - 56. Give y(-3).
4
